2
Suppose 2*m + 3 = 9. Suppose m*i = 2*i - f + 351, 4*i - 3*f = 1432. What is the hundreds digit of i?
3
Let r = 1287 + -634. What is the units digit of r*(-2)/((-3 + 5)*-1)?
3
Suppose -3036 = -5*h + 3*u, 2*h + h = -4*u + 1810. Suppose 4*g - 14*a + 19*a = 1190, 2*g = 3*a + h. What is the tens digit of g?
0
What is the thousands digit of 15*(-6)/(-30) + 2797?
2
Let g(t) be the third derivative of 4/15*t**5 + 0*t - 2/3*t**4 + 0 - 4*t**3 - 1/120*t**6 + 48*t**2. What is the tens digit of g(14)?
4
Let o(k) = 2*k**3 - 9*k**2 + 23*k + 1. Let f be o(9). Let j = -717 + f. What is the hundreds digit of j?
2
Suppose t + 257 = -4*s, s - 8 + 77 = -5*t. Let p = 415 + s. Suppose -3*v = 4*g - p, v - 177 + 71 = -5*g. What is the tens digit of v?
2
Suppose 2*d - 10 = -2*c, -7*c + 2*c = 4*d - 21. Suppose 0 = -3*t + d*t + 328. Let s = t + 525. What is the tens digit of s?
9
Let t be ((-5)/5)/(2/(-6)). Suppose -2*h - 2*g + 4*g = 8, 12 = h + t*g. Suppose 2*m + 3*f - 106 = h, -103 - 169 = -5*m - 4*f. What is the tens digit of m?
5
Let g be (-66)/8*128/(-12). Suppose 0 = -g*h + 91*h - 936. Let q = -72 + h. What is the hundreds digit of q?
2
Suppose 4*i = 5*w + 19513, 13*i - 9*i = 4*w + 19516. What is the thousands digit of i?
4
Let g = 44 - 41. Suppose -3*p = -r - g, 5*p + 35 + 15 = -2*r. What is the units digit of (-1 + 3/r)/(6/(-20))?
4
Let n(c) = 8*c**2 + 68*c + 3142. What is the hundreds digit of n(-76)?
1
What is the tens digit of -3668*-5*(-56)/(-32)?
9
Let u(f) = f**2 - 15*f + 20. Let k be u(13). Let m(a) = a + 7. Let h be m(k). Let x(w) = 201*w**2 - 6*w + 5. What is the units digit of x(h)?
0
Suppose 16*t = 12*t - 3*f - 3534, 3*t + 2650 = -2*f. What is the units digit of 7/(70/(-4)) + t/(-30)?
9
Let z(c) = 2*c**2 + 29*c + 15. Let n(q) be the first derivative of q**4/4 - 10*q**3/3 - 13*q**2/2 + 5*q + 8. Let v be n(11). What is the tens digit of z(v)?
0
Let v = -32 - -34. Let m(i) = 26*i**2 + 7 - 13*i**2 - 11*i**v + 7*i. What is the hundreds digit of m(-9)?
1
Let j = -9101 + 9378. What is the tens digit of j?
7
Let s = 15932 - 7170. What is the units digit of s?
2
Suppose i = -0 - 5. Let m = -2 + i. Let a = m - -31. What is the units digit of a?
4
Let s(o) = 92*o**2 - 27*o - 66. What is the thousands digit of s(8)?
5
Suppose -4*o - 540*k + 247272 = -537*k, -3*k = 2*o - 123642. What is the thousands digit of o?
1
Suppose 0 = -48*t + 331591 + 196670 - 134037. What is the units digit of t?
3
Let n(a) = -2*a**2 + 8*a - 6. Let z be 5 - -6*3/(-9). Let g be n(z). Suppose g = -3*h - 2*o + 328, -o = 3*h - 0*o - 332. What is the hundreds digit of h?
1
Suppose 8*p - 23*p = -90. Suppose 0 = p*o - 8*o + 698. What is the units digit of o?
9
Let m = 293 - 444. Let i = 127 + m. What is the units digit of ((-40)/i)/(1/90)?
0
What is the tens digit of 1212/(-808)*202004/(-6)?
0
Suppose -2*r - 8 = 0, 16376 - 59424 = -q + 2*r. What is the tens digit of q?
4
Suppose 0 = -b + 3*z + 3991, -37*b - 4*z = -57*b + 80156. What is the thousands digit of b?
4
Suppose -41*n = 6*n - 157544. What is the hundreds digit of n?
3
Let s(z) = -14*z - 1. Suppose -3*n = -g + 1, 0 = -3*g + 2*n + 3*n - 1. Let l be s(g). Suppose -l = -u + 6. What is the tens digit of u?
3
Suppose 2*o - 9*b - 4 = -7*b, -o - b = -2. What is the units digit of (-3)/(12/16) + (431 - o)?
5
What is the hundreds digit of (-8557360)/(-1120) - (1 - (-1)/(-2))?
6
Suppose 95*y = 4*y - 7768 + 2887554. What is the hundreds digit of y?
6
Let z be (23/5 - 5)*-5. Suppose 4*i - 27*h - 2483 = -30*h, 0 = -5*i + z*h + 3098. What is the hundreds digit of i?
6
Let l(c) = -14 + 2 - 19*c**2 + 25*c**2 - 9*c. Let k be 6/8 + 275/44. What is the hundreds digit of l(k)?
2
Let y be ((-8)/(-12))/(4/(-12)). Let j(u) = 168*u**2 + 28*u + 61. What is the units digit of j(y)?
7
Let r = 675 + -679. Let f(h) = -9*h**3 - 3*h**2 - 8*h - 15. What is the units digit of f(r)?
5
Suppose -690 = -32*h + 13230. Suppose 15 = 5*s - 10. Suppose 25 = -5*i, -s*v + 2*i + h = -0*v. What is the units digit of v?
5
Let q(w) = 4109*w**2 - 10*w + 1. What is the units digit of q(1)?
0
Suppose -4*f + 9 = -3, 5*s + 6*f = 55618. What is the tens digit of s?
2
Suppose 0 = -6*n + 37 + 5. Suppose 0 = n*w - 5*w + 48. Let x = 29 + w. What is the units digit of x?
5
Suppose -5*f = -g - 19041, f + 26*g - 3789 = 23*g. What is the hundreds digit of f?
8
Suppose 2*g - 14 = -3*h + 2, 0 = -2*h - 5*g - 4. What is the hundreds digit of 412/(-10)*(-20)/h?
1
Let r(y) be the first derivative of -y**4/4 + 7*y**3 - 3*y**2/2 + 35*y - 171. What is the tens digit of r(18)?
5
Let x = -13288 + 22380. What is the hundreds digit of x?
0
Suppose 7*c - 17*c = 11*c. Suppose 29 = 2*y - c*j + 5*j, 0 = 4*y + 5*j - 43. What is the units digit of y?
7
What is the units digit of (6/(-15) + (-85884)/(-85) - 5)*26?
0
Suppose 0 = -2*j + 18*w - 19*w + 24917, 5*w = j - 12464. What is the units digit of j?
9
Suppose 0 = 3*v + 5*u - 93022, -31685 = -4*v - 4*u + 92331. What is the ten thousands digit of v?
3
Suppose 13*w = -3*c + 9*w - 5, c + 4*w = 1. Let j(a) be the second derivative of -a**5/20 - a**3/3 - 5*a**2/2 + 5*a. What is the units digit of j(c)?
8
Let d be 845/3 - (-4)/(-6). Suppose 354 + 167 = -3*i - h, 0 = h + 5. Let w = d + i. What is the units digit of w?
9
Let z = 197 + -79. Suppose 3*s = z - 1129. Let q = -160 - s. What is the tens digit of q?
7
Let l(m) = -5347*m**3 + 51*m**2 + 110*m. What is the units digit of l(-2)?
0
Suppose 0 = -g + 5*x + 31137, 0 = -g + 3*g - 4*x - 62280. What is the thousands digit of g?
1
Let u = 6576 - 680. What is the thousands digit of u?
5
Suppose 14*t + 12 - 12 = 0. Suppose 232 + 604 = 4*q - 4*r, t = -4*q + 5*r + 835. What is the hundreds digit of q?
2
Let v(c) = 2*c**3 - c**2 + 10*c + 1. Let r be v(3). Let n = r - 77. What is the units digit of ((-2 - n)*1)/(9/(-1629))?
1
Let t(f) be the second derivative of f**3/6 + f**2/2 + 6*f. Let j be t(1). Suppose d + j*h = 4*d - 275, 182 = 2*d - h. What is the units digit of d?
9
What is the thousands digit of -4 + -1 + -6 + 5983?
5
Suppose -182*d + 194*d - 60 = 0. Let o be ((-8)/6)/((-3)/45). What is the units digit of o/d + -1 - -237?
0
Suppose 2*q = -3*g + 2556, 2*g + 0*g = -5*q + 6379. Suppose 0 = 4*y - 3*n - q, 0 = -y - 2*n - 3*n + 336. What is the tens digit of y?
2
Suppose 0 = -3*u - 4*q + 347, -10*u = -11*u + 3*q + 120. Let g = u - -102. What is the tens digit of g?
1
Suppose 0 = 7*p - 6*p - 34. Suppose 0 = -3*k + 46 - p. Suppose -c + 146 = k*a, 3*a - a - c = 76. What is the units digit of a?
7
Suppose -8*p + 26099 = -27677. What is the units digit of p?
2
Let z(v) be the third derivative of -v**6/8 + v**4/6 + v**3/3 - 26*v**2. Let p be z(-3). Suppose 3*b + 12 = 5*f - p, 312 = 4*f + b. What is the tens digit of f?
7
Let d(y) = -21*y + 3. Let c(n) be the first derivative of -11*n**2/2 + 2*n + 2. Let q(t) = -5*c(t) + 3*d(t). What is the units digit of q(-7)?
5
What is the thousands digit of 16 - (-162)/(-9) - (-1 - 2168)?
2
Suppose -14*j - 448 = -18*j. Let f be (j/140)/(2/(-730)*-2). Suppose 5 = -a, 5*a - 741 + f = -4*i. What is the units digit of i?
5
Suppose 4*c = 5*d + 269, 104 = 3*c - 5*d - 94. Let k = c + 370. What is the units digit of k?
1
Suppose -7*f = -6*f + 508. Let c = 967 + f. What is the hundreds digit of c?
4
Let r = -1509 - -1510. Let p be 2/(-4) - 19/(-2). What is the tens digit of (r*9)/(3/p)?
2
Suppose -39*q = -18421 - 3809. Let n = q + 642. What is the tens digit of n?
1
What is the tens digit of 6583 + 2/(((-88)/(-32))/(-11))?
7
Let q = 1085 + 3663. What is the tens digit of q?
4
Let a = 265 - 271. What is the hundreds digit of (-6896)/a - 3/9?
1
Let a be (87/(-27) - -3) + (-32)/18. What is the units digit of (a/(4/(-201)))/(6/12)?
1
Suppose -y + 5*a - 6*a = 3, 2*a - 12 = y. Let w(m) = m**3 + 7*m**2 - m - 8. What is the tens digit of w(y)?
3
Let b(y) = 38*y**2 - 5*y + 321. What is the thousands digit of b(14)?
7
Let f(c) = 53*c - 79. Let p be f(13). Let q = p + 266. What is the hundreds digit of q?
8
What is the hundreds digit of 6*-6113*5/(-15)?
2
What is the ten thousands digit of ((-329337)/(-148))/((-6)/(-128)*2)?
2
Let c(k) = 6*k**3 - k**2 - k + 6. Let o = 32 - 31. Suppose -2*v + o = -5. What is the hundreds digit of c(v)?
1
Suppose -3*n + 71 - 70 = -u, -5*n = 5*u - 15. Suppose 10*p + u*p - 8112 = 0. 